
{"id":324,"date":"2024-04-17T15:34:22","date_gmt":"2024-04-17T13:34:22","guid":{"rendered":"https:\/\/www.seiltanz-nfe.de\/?page_id=324"},"modified":"2024-04-20T12:02:56","modified_gmt":"2024-04-20T10:02:56","slug":"infoabend-am-16-mai-2024","status":"publish","type":"page","link":"https:\/\/www.seiltanz-nfe.de\/index.php\/infoabend-am-16-mai-2024\/","title":{"rendered":"Infoabend am 16. Mai 2024"},"content":{"rendered":"\n<p class=\"has-text-align-center has-medium-font-size\"><strong>Wir m\u00f6chten einen sch\u00f6nen und inklusiven \u201eMittendrin-Wohnort\u201c schaffen, in dem es f\u00fcr unsere Kinder mit Behinderung Spa\u00df macht, zu leben!<\/strong><\/p>\n\n\n\n<p class=\"has-luminous-vivid-amber-background-color has-background\">Wir m\u00f6chten Eltern junger- erwachsener Kinder mit Behinderung ansprechen,<\/p>\n\n\n\n<ul class=\"wp-block-list\">\n<li>die sich Gedanken zum Wohnen und Leben ihrer T\u00f6chter und S\u00f6hne mit Unterst\u00fctzungsbedarf machen.<\/li>\n\n\n\n<li>die eine Alternative zu bestehenden Wohneinrichtungen suchen.<\/li>\n\n\n\n<li>die sich in einer Gruppe mit Eltern organisieren m\u00f6chten, um ein neues, inklusives Wohnprojekt zu entwickeln, dass den Bed\u00fcrfnissen ihrer Kinder entspricht.<\/li>\n<\/ul>\n\n\n\n<p>Treffpunkt:<\/p>\n\n\n\n<p>Boxdorfer Wohnanlage : &nbsp;Schulungsraum (Verein f\u00fcr Menschen)<br>Am Spund 4 \u00b7 90427 N\u00fcrnberg&nbsp;<\/p>\n\n\n\n<p><strong>Am:&nbsp;&nbsp;&nbsp;&nbsp;&nbsp;&nbsp;&nbsp;&nbsp;&nbsp; 16. Mai 2024&nbsp; von 19.00&nbsp; bis&nbsp; 21.00 Uhr<\/strong><\/p>\n\n\n\n<p><strong>Anmeldung ab sofort erw\u00fcnscht unter<\/strong>:  <a href=\"mailto:info@seiltanz-nfe.de\">info@seiltanz-nfe.de<\/a><\/p>\n\n\n\n<div class=\"wp-block-buttons is-layout-flex wp-block-buttons-is-layout-flex\">\n<div class=\"wp-block-button is-style-fill\"><a class=\"wp-block-button__link has-black-color has-luminous-vivid-amber-background-color has-text-color has-background has-link-color has-text-align-center wp-element-button\" href=\"https:\/\/www.seiltanz-nfe.de\/index.php\/wohnprojekt-seiltanz\/\">vorl. Konzept<\/a><\/div>\n<\/div>\n\n\n\n<p>Wir freuen uns auf ein erstes Kennenlernen!<\/p>\n\n\n\n<p>Familie Dieckmann und Familie P\u00f6hlein<\/p>\n","protected":false},"excerpt":{"rendered":"<p>Wir m\u00f6chten einen sch\u00f6nen und inklusiven \u201eMittendrin-Wohnort\u201c schaffen, in dem es f\u00fcr unsere Kinder mit Behinderung Spa\u00df macht, zu leben! Wir m\u00f6chten [&hellip;]<\/p>\n","protected":false},"author":1,"featured_media":0,"parent":0,"menu_order":0,"comment_status":"closed","ping_status":"closed","template":"","meta":{"footnotes":""},"class_list":["post-324","page","type-page","status-publish","hentry"],"yoast_head":"<!-- This site is optimized with the Yoast SEO plugin v27.0 - https:\/\/yoast.com\/product\/yoast-seo-wordpress\/ -->\n<title>Infoabend am 16. Mai 2024 - Seiltanz - nfe<\/title>\n<meta name=\"description\" content=\"Infoabend inklusives Wohnen Elterninitiative am 16. Mai Seiltanz\" \/>\n<meta name=\"robots\" content=\"index, follow, max-snippet:-1, max-image-preview:large, max-video-preview:-1\" \/>\n<link rel=\"canonical\" href=\"https:\/\/www.seiltanz-nfe.de\/index.php\/infoabend-am-16-mai-2024\/\" \/>\n<meta property=\"og:locale\" content=\"de_DE\" \/>\n<meta property=\"og:type\" content=\"article\" \/>\n<meta property=\"og:title\" content=\"Infoabend am 16. Mai 2024 - Seiltanz - nfe\" \/>\n<meta property=\"og:description\" content=\"Infoabend inklusives Wohnen Elterninitiative am 16. Mai Seiltanz\" \/>\n<meta property=\"og:url\" content=\"https:\/\/www.seiltanz-nfe.de\/index.php\/infoabend-am-16-mai-2024\/\" \/>\n<meta property=\"og:site_name\" content=\"Seiltanz - nfe\" \/>\n<meta property=\"article:modified_time\" content=\"2024-04-20T10:02:56+00:00\" \/>\n<meta name=\"twitter:card\" content=\"summary_large_image\" \/>\n<meta name=\"twitter:label1\" content=\"Gesch\u00e4tzte Lesezeit\" \/>\n\t<meta name=\"twitter:data1\" content=\"1\u00a0Minute\" \/>\n<script type=\"application\/ld+json\" class=\"yoast-schema-graph\">{\"@context\":\"https:\/\/schema.org\",\"@graph\":[{\"@type\":\"WebPage\",\"@id\":\"https:\/\/www.seiltanz-nfe.de\/index.php\/infoabend-am-16-mai-2024\/\",\"url\":\"https:\/\/www.seiltanz-nfe.de\/index.php\/infoabend-am-16-mai-2024\/\",\"name\":\"Infoabend am 16. Mai 2024 - Seiltanz - nfe\",\"isPartOf\":{\"@id\":\"https:\/\/www.seiltanz-nfe.de\/#website\"},\"datePublished\":\"2024-04-17T13:34:22+00:00\",\"dateModified\":\"2024-04-20T10:02:56+00:00\",\"description\":\"Infoabend inklusives Wohnen Elterninitiative am 16. Mai Seiltanz\",\"breadcrumb\":{\"@id\":\"https:\/\/www.seiltanz-nfe.de\/index.php\/infoabend-am-16-mai-2024\/#breadcrumb\"},\"inLanguage\":\"de\",\"potentialAction\":[{\"@type\":\"ReadAction\",\"target\":[\"https:\/\/www.seiltanz-nfe.de\/index.php\/infoabend-am-16-mai-2024\/\"]}]},{\"@type\":\"BreadcrumbList\",\"@id\":\"https:\/\/www.seiltanz-nfe.de\/index.php\/infoabend-am-16-mai-2024\/#breadcrumb\",\"itemListElement\":[{\"@type\":\"ListItem\",\"position\":1,\"name\":\"Startseite\",\"item\":\"https:\/\/www.seiltanz-nfe.de\/\"},{\"@type\":\"ListItem\",\"position\":2,\"name\":\"Infoabend am 16. Mai 2024\"}]},{\"@type\":\"WebSite\",\"@id\":\"https:\/\/www.seiltanz-nfe.de\/#website\",\"url\":\"https:\/\/www.seiltanz-nfe.de\/\",\"name\":\"Seiltanz - nfe\",\"description\":\"&quot;Wessen wir am meisten im Leben bed\u00fcrfen, ist jemand, der uns dazu bringt, das zu tun, wessen wir f\u00e4hig sind.&quot; Ralph Waldo Emerson\",\"publisher\":{\"@id\":\"https:\/\/www.seiltanz-nfe.de\/#\/schema\/person\/ad9e532829f02a0072e2b3a93fe70116\"},\"potentialAction\":[{\"@type\":\"SearchAction\",\"target\":{\"@type\":\"EntryPoint\",\"urlTemplate\":\"https:\/\/www.seiltanz-nfe.de\/?s={search_term_string}\"},\"query-input\":{\"@type\":\"PropertyValueSpecification\",\"valueRequired\":true,\"valueName\":\"search_term_string\"}}],\"inLanguage\":\"de\"},{\"@type\":[\"Person\",\"Organization\"],\"@id\":\"https:\/\/www.seiltanz-nfe.de\/#\/schema\/person\/ad9e532829f02a0072e2b3a93fe70116\",\"name\":\"Marlene\",\"image\":{\"@type\":\"ImageObject\",\"inLanguage\":\"de\",\"@id\":\"https:\/\/www.seiltanz-nfe.de\/#\/schema\/person\/image\/\",\"url\":\"https:\/\/secure.gravatar.com\/avatar\/e10aeb99abca2cd4decf0be3d1a13e9de7b94293439f168f9db131ad6367e571?s=96&d=mm&r=g\",\"contentUrl\":\"https:\/\/secure.gravatar.com\/avatar\/e10aeb99abca2cd4decf0be3d1a13e9de7b94293439f168f9db131ad6367e571?s=96&d=mm&r=g\",\"caption\":\"Marlene\"},\"logo\":{\"@id\":\"https:\/\/www.seiltanz-nfe.de\/#\/schema\/person\/image\/\"},\"sameAs\":[\"https:\/\/seiltanz-nfe.de\"]}]}<\/script>\n<!-- \/ Yoast SEO plugin. -->","yoast_head_json":{"title":"Infoabend am 16. Mai 2024 - Seiltanz - nfe","description":"Infoabend inklusives Wohnen Elterninitiative am 16. Mai Seiltanz","robots":{"index":"index","follow":"follow","max-snippet":"max-snippet:-1","max-image-preview":"max-image-preview:large","max-video-preview":"max-video-preview:-1"},"canonical":"https:\/\/www.seiltanz-nfe.de\/index.php\/infoabend-am-16-mai-2024\/","og_locale":"de_DE","og_type":"article","og_title":"Infoabend am 16. Mai 2024 - Seiltanz - nfe","og_description":"Infoabend inklusives Wohnen Elterninitiative am 16. Mai Seiltanz","og_url":"https:\/\/www.seiltanz-nfe.de\/index.php\/infoabend-am-16-mai-2024\/","og_site_name":"Seiltanz - nfe","article_modified_time":"2024-04-20T10:02:56+00:00","twitter_card":"summary_large_image","twitter_misc":{"Gesch\u00e4tzte Lesezeit":"1\u00a0Minute"},"schema":{"@context":"https:\/\/schema.org","@graph":[{"@type":"WebPage","@id":"https:\/\/www.seiltanz-nfe.de\/index.php\/infoabend-am-16-mai-2024\/","url":"https:\/\/www.seiltanz-nfe.de\/index.php\/infoabend-am-16-mai-2024\/","name":"Infoabend am 16. Mai 2024 - Seiltanz - nfe","isPartOf":{"@id":"https:\/\/www.seiltanz-nfe.de\/#website"},"datePublished":"2024-04-17T13:34:22+00:00","dateModified":"2024-04-20T10:02:56+00:00","description":"Infoabend inklusives Wohnen Elterninitiative am 16. Mai Seiltanz","breadcrumb":{"@id":"https:\/\/www.seiltanz-nfe.de\/index.php\/infoabend-am-16-mai-2024\/#breadcrumb"},"inLanguage":"de","potentialAction":[{"@type":"ReadAction","target":["https:\/\/www.seiltanz-nfe.de\/index.php\/infoabend-am-16-mai-2024\/"]}]},{"@type":"BreadcrumbList","@id":"https:\/\/www.seiltanz-nfe.de\/index.php\/infoabend-am-16-mai-2024\/#breadcrumb","itemListElement":[{"@type":"ListItem","position":1,"name":"Startseite","item":"https:\/\/www.seiltanz-nfe.de\/"},{"@type":"ListItem","position":2,"name":"Infoabend am 16. Mai 2024"}]},{"@type":"WebSite","@id":"https:\/\/www.seiltanz-nfe.de\/#website","url":"https:\/\/www.seiltanz-nfe.de\/","name":"Seiltanz - nfe","description":"&quot;Wessen wir am meisten im Leben bed\u00fcrfen, ist jemand, der uns dazu bringt, das zu tun, wessen wir f\u00e4hig sind.&quot; Ralph Waldo Emerson","publisher":{"@id":"https:\/\/www.seiltanz-nfe.de\/#\/schema\/person\/ad9e532829f02a0072e2b3a93fe70116"},"potentialAction":[{"@type":"SearchAction","target":{"@type":"EntryPoint","urlTemplate":"https:\/\/www.seiltanz-nfe.de\/?s={search_term_string}"},"query-input":{"@type":"PropertyValueSpecification","valueRequired":true,"valueName":"search_term_string"}}],"inLanguage":"de"},{"@type":["Person","Organization"],"@id":"https:\/\/www.seiltanz-nfe.de\/#\/schema\/person\/ad9e532829f02a0072e2b3a93fe70116","name":"Marlene","image":{"@type":"ImageObject","inLanguage":"de","@id":"https:\/\/www.seiltanz-nfe.de\/#\/schema\/person\/image\/","url":"https:\/\/secure.gravatar.com\/avatar\/e10aeb99abca2cd4decf0be3d1a13e9de7b94293439f168f9db131ad6367e571?s=96&d=mm&r=g","contentUrl":"https:\/\/secure.gravatar.com\/avatar\/e10aeb99abca2cd4decf0be3d1a13e9de7b94293439f168f9db131ad6367e571?s=96&d=mm&r=g","caption":"Marlene"},"logo":{"@id":"https:\/\/www.seiltanz-nfe.de\/#\/schema\/person\/image\/"},"sameAs":["https:\/\/seiltanz-nfe.de"]}]}},"_links":{"self":[{"href":"https:\/\/www.seiltanz-nfe.de\/index.php\/wp-json\/wp\/v2\/pages\/324","targetHints":{"allow":["GET"]}}],"collection":[{"href":"https:\/\/www.seiltanz-nfe.de\/index.php\/wp-json\/wp\/v2\/pages"}],"about":[{"href":"https:\/\/www.seiltanz-nfe.de\/index.php\/wp-json\/wp\/v2\/types\/page"}],"author":[{"embeddable":true,"href":"https:\/\/www.seiltanz-nfe.de\/index.php\/wp-json\/wp\/v2\/users\/1"}],"replies":[{"embeddable":true,"href":"https:\/\/www.seiltanz-nfe.de\/index.php\/wp-json\/wp\/v2\/comments?post=324"}],"version-history":[{"count":5,"href":"https:\/\/www.seiltanz-nfe.de\/index.php\/wp-json\/wp\/v2\/pages\/324\/revisions"}],"predecessor-version":[{"id":345,"href":"https:\/\/www.seiltanz-nfe.de\/index.php\/wp-json\/wp\/v2\/pages\/324\/revisions\/345"}],"wp:attachment":[{"href":"https:\/\/www.seiltanz-nfe.de\/index.php\/wp-json\/wp\/v2\/media?parent=324"}],"curies":[{"name":"wp","href":"https:\/\/api.w.org\/{rel}","templated":true}]}}

<p class="has-text-align-center has-medium-font-size"><strong>Wir möchten einen schönen und inklusiven „Mittendrin-Wohnort“ schaffen, in dem es für unsere Kinder mit Behinderung Spaß macht, zu leben!</strong></p>



<p class="has-luminous-vivid-amber-background-color has-background">Wir möchten Eltern junger- erwachsener Kinder mit Behinderung ansprechen,</p>



<ul class="wp-block-list">
<li>die sich Gedanken zum Wohnen und Leben ihrer Töchter und Söhne mit Unterstützungsbedarf machen.</li>



<li>die eine Alternative zu bestehenden Wohneinrichtungen suchen.</li>



<li>die sich in einer Gruppe mit Eltern organisieren möchten, um ein neues, inklusives Wohnprojekt zu entwickeln, dass den Bedürfnissen ihrer Kinder entspricht.</li>
</ul>



<p>Treffpunkt:</p>



<p>Boxdorfer Wohnanlage : &nbsp;Schulungsraum (Verein für Menschen)<br>Am Spund 4 · 90427 Nürnberg&nbsp;</p>



<p><strong>Am:&nbsp;&nbsp;&nbsp;&nbsp;&nbsp;&nbsp;&nbsp;&nbsp;&nbsp; 16. Mai 2024&nbsp; von 19.00&nbsp; bis&nbsp; 21.00 Uhr</strong></p>



<p><strong>Anmeldung ab sofort erwünscht unter</strong>:  <a href="mailto:info@seiltanz-nfe.de">info@seiltanz-nfe.de</a></p>



<div class="wp-block-buttons is-layout-flex wp-block-buttons-is-layout-flex">
<div class="wp-block-button is-style-fill"><a class="wp-block-button__link has-black-color has-luminous-vivid-amber-background-color has-text-color has-background has-link-color has-text-align-center wp-element-button" href="https://www.seiltanz-nfe.de/index.php/wohnprojekt-seiltanz/">vorl. Konzept</a></div>
</div>



<p>Wir freuen uns auf ein erstes Kennenlernen!</p>



<p>Familie Dieckmann und Familie Pöhlein</p>

<p>Wir möchten einen schönen und inklusiven „Mittendrin-Wohnort“ schaffen, in dem es für unsere Kinder mit Behinderung Spaß macht, zu leben! Wir möchten [&hellip;]</p>

<!-- This site is optimized with the Yoast SEO plugin v27.0 - https://yoast.com/product/yoast-seo-wordpress/ -->
<title>Infoabend am 16. Mai 2024 - Seiltanz - nfe</title>
<meta name="description" content="Infoabend inklusives Wohnen Elterninitiative am 16. Mai Seiltanz" />
<meta name="robots" content="index, follow, max-snippet:-1, max-image-preview:large, max-video-preview:-1" />
<link rel="canonical" href="https://www.seiltanz-nfe.de/index.php/infoabend-am-16-mai-2024/" />
<meta property="og:locale" content="de_DE" />
<meta property="og:type" content="article" />
<meta property="og:title" content="Infoabend am 16. Mai 2024 - Seiltanz - nfe" />
<meta property="og:description" content="Infoabend inklusives Wohnen Elterninitiative am 16. Mai Seiltanz" />
<meta property="og:url" content="https://www.seiltanz-nfe.de/index.php/infoabend-am-16-mai-2024/" />
<meta property="og:site_name" content="Seiltanz - nfe" />
<meta property="article:modified_time" content="2024-04-20T10:02:56+00:00" />
<meta name="twitter:card" content="summary_large_image" />
<meta name="twitter:label1" content="Geschätzte Lesezeit" />
	<meta name="twitter:data1" content="1 Minute" />
<script type="application/ld+json" class="yoast-schema-graph">{"@context":"https://schema.org","@graph":[{"@type":"WebPage","@id":"https://www.seiltanz-nfe.de/index.php/infoabend-am-16-mai-2024/","url":"https://www.seiltanz-nfe.de/index.php/infoabend-am-16-mai-2024/","name":"Infoabend am 16. Mai 2024 - Seiltanz - nfe","isPartOf":{"@id":"https://www.seiltanz-nfe.de/#website"},"datePublished":"2024-04-17T13:34:22+00:00","dateModified":"2024-04-20T10:02:56+00:00","description":"Infoabend inklusives Wohnen Elterninitiative am 16. Mai Seiltanz","breadcrumb":{"@id":"https://www.seiltanz-nfe.de/index.php/infoabend-am-16-mai-2024/#breadcrumb"},"inLanguage":"de","potentialAction":[{"@type":"ReadAction","target":["https://www.seiltanz-nfe.de/index.php/infoabend-am-16-mai-2024/"]}]},{"@type":"BreadcrumbList","@id":"https://www.seiltanz-nfe.de/index.php/infoabend-am-16-mai-2024/#breadcrumb","itemListElement":[{"@type":"ListItem","position":1,"name":"Startseite","item":"https://www.seiltanz-nfe.de/"},{"@type":"ListItem","position":2,"name":"Infoabend am 16. Mai 2024"}]},{"@type":"WebSite","@id":"https://www.seiltanz-nfe.de/#website","url":"https://www.seiltanz-nfe.de/","name":"Seiltanz - nfe","description":"&quot;Wessen wir am meisten im Leben bedürfen, ist jemand, der uns dazu bringt, das zu tun, wessen wir fähig sind.&quot; Ralph Waldo Emerson","publisher":{"@id":"https://www.seiltanz-nfe.de/#/schema/person/ad9e532829f02a0072e2b3a93fe70116"},"potentialAction":[{"@type":"SearchAction","target":{"@type":"EntryPoint","urlTemplate":"https://www.seiltanz-nfe.de/?s={search_term_string}"},"query-input":{"@type":"PropertyValueSpecification","valueRequired":true,"valueName":"search_term_string"}}],"inLanguage":"de"},{"@type":["Person","Organization"],"@id":"https://www.seiltanz-nfe.de/#/schema/person/ad9e532829f02a0072e2b3a93fe70116","name":"Marlene","image":{"@type":"ImageObject","inLanguage":"de","@id":"https://www.seiltanz-nfe.de/#/schema/person/image/","url":"https://secure.gravatar.com/avatar/e10aeb99abca2cd4decf0be3d1a13e9de7b94293439f168f9db131ad6367e571?s=96&d=mm&r=g","contentUrl":"https://secure.gravatar.com/avatar/e10aeb99abca2cd4decf0be3d1a13e9de7b94293439f168f9db131ad6367e571?s=96&d=mm&r=g","caption":"Marlene"},"logo":{"@id":"https://www.seiltanz-nfe.de/#/schema/person/image/"},"sameAs":["https://seiltanz-nfe.de"]}]}</script>
<!-- / Yoast SEO plugin. -->

&quot;Wessen wir am meisten im Leben bedürfen, ist jemand, der uns dazu bringt, das zu tun, wessen wir fähig sind.&quot; Ralph Waldo Emerson
